 -13894?
13891
In base 3, what is -2 - -20011200000?
20011122221
In base 6, what is 1213 + 131?
1344
In base 10, what is 1593890 + 3?
1593893
In base 8, what is 2134266 + 7?
2134275
In base 2, what is -10 - 111100100100101?
-111100100100111
In base 8, what is 5527302 + -1?
5527301
In base 6, what is -11 - 12132?
-12143
In base 12, what is -35 + -703b?
-7074
In base 16, what is -1e782 + 14?
-1e76e
In base 2, what is 11 - 1010110001111?
-1010110001100
In base 5, what is 2111 + 132412?
140023
In base 5, what is 3 + 1303?
1311
In base 12, what is 5 + -25a6?
-25a1
In base 3, what is -10220212101 - 11?
-10220212112
In base 2, what is 10010100101100 - -1110011101?
10100011001001
In base 3, what is -21101001200 - 11?
-21101001211
In base 9, what is -5 - 581060?
-581065
In base 2, what is -1001000001 - 11010100?
-1100010101
In base 15, what is 2138ca - 2?
2138c8
In base 11, what is 353 - 42?
311
In base 5, what is 1 + 4242143?
4242144
In base 11, what is -5935 + 62?
-5883
In base 3, what is -22222000021 + -12?
-22222000110
In base 14, what is -27a - 20c?
-488
In base 10, what is 1040 - 402?
638
In base 2, what is -1010011111110111111 + 10?
-1010011111110111101
In base 3, what is 222000120 + -101?
222000012
In base 2, what is 1 + 10011101011100?
10011101011101
In base 6, what is -1 - 125131?
-125132
In base 2, what is 1010001010011 + -110101?
1010000011110
In base 5, what is -1312 + 24230?
22413
In base 5, what is -413011 + 2?
-413004
In base 10, what is -118833 + 6?
-118827
In base 3, what is 2202011 - 221?
2201020
In base 15, what is -342d8 - -3?
-342d5
In base 8, what is 41 - -67?
130
In base 14, what is 78aa - 0?
78aa
In base 6, what is 11 - -10550135?
10550150
In base 9, what is -2 - 4088218?
-4088221
In base 6, what is 5212 + 405?
10021
In base 15, what is 4 + -8d1?
-8cc
In base 7, what is 12 - -1021504?
1021516
In base 8, what is 3 - 566027?
-566024
In base 12, what is -535 + -6b?
-5a4
In base 3, what is 212 + -12002212202?
-12002211220
In base 16, what is 3 - -108?
10b
In base 2, what is 10000 + -1011110111001100?
-1011110110111100
In base 9, what is -465 - 25?
-501
In base 6, what is -100352 - 13?
-100405
In base 8, what is 607 + 20554?
21363
In base 3, what is 1 - -202200021?
202200022
In base 6, what is 3 - -115405?
115412
In base 12, what is -213812 + -3?
-213815
In base 16, what is -43 + 1047?
1004
In base 11, what is -222 + -2304?
-2526
In base 14, what is d6 + 2a4?
39a
In base 14, what is -8a18 - -5?
-8a13
In base 5, what is 0 - 4313001?
-4313001
In base 6, what is 31 - -25204?
25235
In base 11, what is -8 - 530?
-538
In base 11, what is -6a516 + -4?
-6a51a
In base 11, what is -863 - -22?
-841
In base 16, what is 3 - 16e88?
-16e85
In base 7, what is -564 - 251?
-1145
In base 6, what is 2 - -33323122?
33323124
In base 3, what is 1 - -11210121?
11210122
In base 10, what is 5550 + -10?
5540
In base 7, what is 5 - 43322?
-43314
In base 10, what is 185010 - -6?
185016
In base 2, what is -110100111 - 10000?
-110110111
In base 15, what is -90 + -292?
-332
In base 7, what is -15 + -20104?
-20122
In base 13, what is 3c71c + -4?
3c718
In base 8, what is -237705 + -5?
-237712
In base 2, what is 111011000 - 101001011000?
-100010000000
In base 5, what is 10 - 204334243?
-204334233
In base 13, what is -51a7 + 55?
-5152
In base 14, what is 159b6 + 4?
159ba
In base 14, what is -1 + -39693?
-39694
In base 14, what is -84dac + -2?
-84db0
In base 4, what is -111330 + 10212?
-101112
In base 5, what is -3 + -10322142?
-10322200
In base 11, what is -42 + -1039?
-1080
In base 10, what is -30761 - 4?
-30765
In base 15, what is 69 - b0?
-46
In base 5, what is 2320320 + -2?
2320313
In base 5, what is -13334022 - 3?
-13334030
In base 7, what is -211664 + 5?
-211656
In base 10, what is 4 + 196756?
196760
In base 14, what is 1c3413 - 1?
1c3412
In base 3, what is 21 - -11012112?
11012210
In base 8, what is -115 + 26572?
26455
In base 3, what is 202101 - -10001?
212102
In base 3, what is 1112210100 - 2?
1112210021
In base 8, what is -3 + -164320?
-164323
In base 16, what is 26 + -107?
-e1
In base 3, what is 20020202 + 200000?
20220202
In base 2, what is 11100000010101000 - 11001?
11100000010001111
In base 3, what is 201220112 - -11?
201220200
In base 9, what is -317 - -216?
-101
In base 9, what is -1077806 - -1?
-1077805
In base 6, what is 2022525 + -10?
2022515
In base 4, what is -200021023 - 3?
-200021032
In base 15, what is -1 + -5113?
-5114
In base 5, what is -1144 + 1130?
-14
In base 6, what is 10 + -1012?
-1002
In base 15, what is 332 - 165a?
-1328
In base 2, what is -10001000101000 + 1100011?
-10000111000101
In base 14, what is d79 - 8?
d71
In base 9, what is -15117 + -15?
-15133
In base 5, what is -10 + -1401123?
-1401133
In base 10, what is 4914565 + -2?
4914563
In base 4, what is 133310131 + 11?
133310202
In base 12, what is -93 + -b74?
-1047
In base 2, what is 1010011011011010100 - 0?
1010011011011010100
In base 16, what is 5 + 2c5?
2ca
In base 15, what is 5 + 4508?
450d
In base 15, what is -7 + 249a?
2493
In base 9, what is -576 - -861?
274
In base 9, what is 40543 - -37?
40581
In base 11, what is 12a83 - -2?
12a85
In base 6, what is 520 + -1404?
-444
In base 2, what is 100110101 + 1000100?
101111001
In base 7, what is 3520634 - -5?
3520642
In base 14, what is -1c5c0 + -1c?
-1c5dc
In base 7, what is 444455 - 4?
444451
In base 10, what is -36240 - 5?
-36245
In base 2, what is -10 - 11010001001101?
-11010001001111
In base 2, what is -1011101010100111010001 - -10?
-1011101010100111001111
In base 2, what is -11010100011 + 10001010?
-11000011001
In base 4, what is -2 + -1102332?
-1103000
In base 7, what is 1 + 4510521?
4510522
In base 14, what is -a - 7c?
-88
In base 8, what is 21 - -2170?
2211
In base 13, what is -b3 + -42?
-125
In base 15, what is -3a4 - -550?
19b
In base 10, what is -4 + 232142?
232138
In base 10, what is 8298 - -324?
8622
In base 11, what is 38 + -831?
-7a4
In base 5, what is -32 + -411103?
-411140
In base 14, what is -13 + 2b665?
2b652
In base 15, what is -5 + 1b98?
1b93
In base 3, what is 1001 - -1012201121?
1012202122
In base 7, what is 5322 - -50?
5402
In base 10, what is 14 - -32319?
32333
In base 11, what is -266 + -753?
-a09
In base 3, what is 1021001021 + -10?
1021001011
In base 3, what is 10 + -111000220011?
-111000220001
In base 5, what is 1202 + 233?
1440
In base 10, what is -32669 + 5?
-32664
In base 6, what is 152121 - 4?
152113
In base 16, what is -2be - -264?
-5a
In base 12, what is -32 + -b6a7?
-b719
In base 9, what is -510188 + -5?
-510204
In base 8, what is 7545 + -157?
7366
In base 9, what is 4 + -63510?
-63505
In base 16, what is 17 - -1b1f?
1b36
In base 11, what is 5 + 5747?
5751
In base 8, what is -17 + -7324?
-7343
In base 2, what is -100001111 - -10110110?
-1011001
In base 5, what is 21 + -241310?
-241234
In base 11, what is 4 - -34937?
34940
In base 2, what is 110001101110110001 + 0?
110001101110110001
In base 9, what is 2532 - 6?
2525
In base 13, what is 2 - 10630?
-1062b
In base 5, what is -2030132 + -21?
-2030203
In base 12, what is 711 + 4?
715
In base 3, what is 111200 + -100?
111100
In base 6, what is -3 - -112452?
112445
In base 5, what is -1124321 - 13?
-1124334
In base 9, what is -543 - 408?
-1052
In base 14, what is -2310 - -53?
-229b
In base 4, what is 322 - 2331020?
-2330032
In base 10, what is -1 - 4270?
-4271
In base 3, what is 1002100 + 1212?
1011012
In base 9, what is -1228861 + -1?
-1228862
In base 6, what is 201 - 2245?
-2044
In base 3, what is 21102 + 1100121?
1122000
In base 7, what is 64355652 - 2?
64355650
In base 7, what is 0 + -313030?
-313030
In base 15, what is 48b61 + -1?
48b60
In base 4, what is -23003131 + 13?
-23003112
In base 16, what is 287e74 - 3?
287e71
In base 15, what is -109a - -176?
-e24
In base 4, what is -1220 - -20022?
12202
In base 4, what is 3 - 101220?
-101211
In base 15, what is 45 - -89e?
8e4
In base 16, what is 6 + ca2?
ca8
In base 4, what is 330001 + -111?
323230
In base 5, what is 1202 - -21420?
23122
In base 2, what is 0 - 11100011010011?
-11100011010011
In base 7, what is 2 - -554515?
554520
In base 16, what is e0dd - 0?
e0dd
In base 6, what is -343052 + 0?
-343052
In base 8, what is 227775 - 47?
227726
In base 12, what is -86825 - -14?
-86811
In base 16, what i